ommon factor of 26 and 26.
26
What is the highest common factor of 517 and 11?
11
What is the greatest common factor of 1400 and 84?
28
Calculate the greatest common factor of 31 and 124.
31
What is the highest common factor of 248 and 3193?
31
What is the highest common divisor of 528 and 6?
6
What is the greatest common factor of 74 and 518?
74
What is the highest common divisor of 1575 and 200?
25
What is the highest common divisor of 36 and 60?
12
What is the highest common factor of 14 and 4?
2
Calculate the greatest common factor of 352 and 24.
8
What is the highest common factor of 27 and 855?
9
Calculate the greatest common factor of 17 and 272.
17
Calculate the greatest common divisor of 19406 and 62.
62
Calculate the highest common divisor of 10 and 320.
10
What is the highest common divisor of 10695 and 23?
23
Calculate the highest common factor of 900 and 240.
60
What is the highest common factor of 158 and 58460?
158
What is the highest common divisor of 3340 and 2?
2
Calculate the highest common divisor of 385 and 275.
55
Calculate the greatest common factor of 20 and 45.
5
Calculate the greatest common factor of 19 and 266.
19
What is the highest common factor of 3500 and 10?
10
Calculate the highest common divisor of 112 and 917.
7
Calculate the highest common divisor of 7530 and 6.
6
What is the highest common factor of 51 and 867?
51
Calculate the highest common factor of 288 and 180.
36
Calculate the greatest common divisor of 1702 and 368.
46
What is the highest common factor of 12 and 126?
6
What is the greatest common divisor of 60 and 255?
15
Calculate the highest common factor of 1358 and 1552.
194
Calculate the greatest common divisor of 3 and 1.
1
Calculate the highest common divisor of 890 and 20.
10
What is the highest common divisor of 18 and 2916?
18
What is the highest common factor of 30 and 70?
10
What is the greatest common factor of 18 and 86?
2
Calculate the highest common factor of 3745 and 70.
35
Calculate the highest common divisor of 527 and 31.
31
Calculate the greatest common divisor of 1672 and 304.
152
Calculate the highest common divisor of 41 and 5207.
41
What is the highest common factor of 3605 and 35?
35
Calculate the highest common divisor of 228 and 228.
228
What is the greatest common factor of 64 and 96?
32
Calculate the greatest common divisor of 280 and 427.
7
Calculate the greatest common factor of 3 and 111.
3
What is the highest common divisor of 770 and 70?
70
What is the highest common divisor of 663 and 153?
51
What is the highest common factor of 45 and 60?
15
Calculate the greatest common factor of 912 and 288.
48
What is the greatest common factor of 5030 and 20?
10
What is the greatest common divisor of 39 and 729?
3
Calculate the greatest common divisor of 228 and 399.
57
Calculate the greatest common divisor of 2071 and 76.
19
Calculate the highest common divisor of 177 and 3.
3
What is the greatest common divisor of 150 and 5550?
150
What is the greatest common divisor of 11988 and 972?
324
Calculate the greatest common factor of 1696 and 159.
53
What is the greatest common divisor of 247 and 133?
19
What is the highest common factor of 4499 and 55?
11
Calculate the greatest common factor of 185 and 7.
1
Calculate the greatest common divisor of 477 and 18.
9
Calculate the highest common factor of 200 and 8.
8
What is the greatest common divisor of 230 and 10?
10
What is the highest common divisor of 4851 and 294?
147
What is the greatest common divisor of 250 and 10?
10
What is the greatest common factor of 40 and 128?
8
Calculate the highest common divisor of 36 and 324.
36
What is the greatest common factor of 14 and 126?
14
What is the highest common factor of 1827 and 2233?
203
What is the greatest common divisor of 9930 and 120?
30
What is the highest common divisor of 906 and 6?
6
What is the highest common divisor of 3636 and 36?
36
What is the highest common factor of 364 and 5720?
52
Calculate the greatest common factor of 12184 and 8.
8
What is the greatest common factor of 126928 and 16?
16
What is the highest common factor of 36 and 192?
12
What is the greatest common factor of 3047 and 176?
11
What is the highest common factor of 735 and 84?
21
Calculate the highest common factor of 130 and 13390.
130
Calculate the highest common factor of 110 and 120.
10
Calculate the greatest common divisor of 66 and 228.
6
What is the greatest common factor of 63 and 153?
9
Calculate the highest common factor of 2257 and 61.
61
Calculate the highest common divisor of 100 and 340.
20
Calculate the greatest common factor of 15 and 115.
5
What is the greatest common factor of 423 and 18?
9
What is the greatest common divisor of 1130 and 10?
10
What is the highest common divisor of 8670 and 10?
10
Calculate the highest common divisor of 33 and 921.
3
What is the highest common divisor of 10 and 1990?
10
What is the highest common divisor of 52 and 1612?
52
Calculate the highest common divisor of 1060 and 1325.
265
Calculate the greatest common factor of 11 and 55.
11
What is the highest common divisor of 30 and 690?
30
What is the greatest common divisor of 388 and 5626?
194
Calculate the highest common divisor of 68 and 8058.
34
What is the highest common divisor of 1778 and 14?
14
What is the greatest common divisor of 62 and 36053?
31
Calculate the greatest common divisor of 16566 and 6.
6
Calculate the highest common divisor of 2392 and 138.
46
Calculate the greatest common divisor of 9088 and 852.
284
What is the greatest common divisor of 1219 and 159?
53
What is the greatest common divisor of 140 and 40?
20
Calculate the highest common factor of 11 and 16841.
11
What is the highest common divisor of 36 and 1?
1
Calculate the highest common divisor of 41527 and 317.
317
Calculate the greatest common divisor of 176 and 4378.
22
Calculate the greatest common divisor of 400 and 40.
40
Calculate the highest common divisor of 996 and 36.
12
Calculate the greatest common divisor of 105 and 25.
5
Calculate the greatest common factor of 456 and 216.
24
What is the highest common factor of 44 and 2629?
11
Calculate the highest common factor of 276 and 48.
12
Calculate the greatest common divisor of 365 and 1241.
73
What is the greatest common factor of 1 and 23?
1
What is the greatest common divisor of 2325 and 75?
75
Calculate the highest common factor of 374 and 88.
22
Calculate the highest common factor of 88 and 209.
11
What is the greatest common divisor of 23 and 391?
23
What is the highest common factor of 7967 and 31?
31
Calculate the greatest common factor of 176 and 1276.
44
Calculate the highest common divisor of 112 and 20.
4
Calculate the highest common factor of 87 and 5568.
87
Calculate the greatest common factor of 66 and 242.
22
What is the highest common divisor of 3930 and 25?
5
What is the greatest common factor of 4176 and 80?
16
Calculate the greatest common divisor of 16 and 40.
8
What is the highest common factor of 1904 and 112?
112
Calculate the greatest common factor of 36 and 924.
12
What is the greatest common factor of 19549 and 113?
113
Calculate the greatest common divisor of 176 and 77.
11
What is the greatest common divisor of 1 and 70?
1
Calculate the highest common divisor of 16 and 128.
16
Calculate the highest common factor of 63 and 14679.
63
What is the highest common factor of 1184 and 96?
32
What is the greatest common divisor of 13801 and 185?
37
Calculate the highest common divisor of 225 and 10.
5
Calculate the highest common factor of 52 and 62452.
52
What is the greatest common divisor of 34 and 6562?
34
Calculate the highest common divisor of 133 and 21945.
133
What is the greatest common divisor of 2 and 317?
1
Calculate the greatest common divisor of 2537 and 688.
43
What is the greatest common divisor of 400 and 25?
25
Calculate the greatest common divisor of 2 and 501.
1
What is the highest common factor of 3193 and 31?
31
What is the greatest common divisor of 1305 and 90?
45
What is the greatest common factor of 849 and 9?
3
Calculate the highest common factor of 28 and 60508.
28
What is the greatest common factor of 360 and 860?
20
What is the highest common factor of 10 and 30230?
10
Calculate the highest common factor of 4 